{"id":54,"date":"2017-05-25T15:08:43","date_gmt":"2017-05-25T18:08:43","guid":{"rendered":"http:\/\/dembiski.adv.br\/wp\/?page_id=54"},"modified":"2017-06-02T01:25:23","modified_gmt":"2017-06-02T04:25:23","slug":"dr-elza-s-l-dembiski","status":"publish","type":"page","link":"https:\/\/dembiski.adv.br\/wp\/?page_id=54","title":{"rendered":"Dr. Elza S. L. Dembiski"},"content":{"rendered":"<h2>Forma\u00e7\u00e3o:<\/h2>\n<ul>\n<li style=\"font-weight: 400;\">Graduada em Direito pela\u00a0Universidade Paranaense<\/li>\n<li style=\"font-weight: 400;\">P\u00f3s-Graduada em Direito do Trabalho &#8211;\u00a0(PUCPR-2005)<\/li>\n<li style=\"font-weight: 400;\">Especialista no Direito do Consumidor Banc\u00e1rio<\/li>\n<\/ul>\n<h2><span style=\"font-weight: 400;\">Obras:<\/span><\/h2>\n<ul>\n<li style=\"font-weight: 400;\"><span style=\"font-weight: 400;\">Considera\u00e7\u00f5es do Art. 62 da CLT \u2013 Trabalho Externo de Motoristas e Altos Empregados. DEMBISKI, Elza Sant\u00b4Ana de Lima. &#8211; VILLATORE, Marco Ant\u00f4nio &#8211; RASSON, Roland. \u00a0<\/span>\u00a0\u00a0\u00a0Estado e Atividade Econ\u00f4mica \u2013 O Direito Laboral em Perspectiva. <span style=\"font-weight: 400;\">Curitiba: Juru\u00e1. 2007.<\/span><\/li>\n<\/ul>\n<h2><span style=\"font-weight: 400;\">Atividades Filantr\u00f3picas:<\/span><\/h2>\n<ul>\n<li style=\"font-weight: 400;\"><span style=\"font-weight: 400;\">Recriar Fam\u00edlia e Ado\u00e7\u00e3o<\/span><\/li>\n<li style=\"font-weight: 400;\"><span style=\"font-weight: 400;\">Ciranda da Esperan\u00e7a<\/span><\/li>\n<li style=\"font-weight: 400;\"><span style=\"font-weight: 400;\">Rotary International<\/span><\/li>\n<\/ul>\n","protected":false},"excerpt":{"rendered":"<p>Forma\u00e7\u00e3o: Graduada em Direito pela\u00a0Universidade Paranaense P\u00f3s-Graduada em Direito do Trabalho &#8211;\u00a0(PUCPR-2005) Especialista no Direito do Consumidor Banc\u00e1rio Obras: Considera\u00e7\u00f5es do Art. 62 da CLT \u2013 Trabalho Externo de Motoristas e Altos Empregados. DEMBISKI, Elza Sant\u00b4Ana de Lima. &#8211; VILLATORE, Marco Ant\u00f4nio &#8211; RASSON, Roland. \u00a0\u00a0\u00a0\u00a0Estado e Atividade Econ\u00f4mica \u2013 O Direito Laboral em Perspectiva&#8230;.<\/p>\n","protected":false},"author":1,"featured_media":0,"parent":0,"menu_order":0,"comment_status":"closed","ping_status":"closed","template":"","meta":[],"_links":{"self":[{"href":"https:\/\/dembiski.adv.br\/wp\/index.php?rest_route=\/wp\/v2\/pages\/54"}],"collection":[{"href":"https:\/\/dembiski.adv.br\/wp\/index.php?rest_route=\/wp\/v2\/pages"}],"about":[{"href":"https:\/\/dembiski.adv.br\/wp\/index.php?rest_route=\/wp\/v2\/types\/page"}],"author":[{"embeddable":true,"href":"https:\/\/dembiski.adv.br\/wp\/index.php?rest_route=\/wp\/v2\/users\/1"}],"replies":[{"embeddable":true,"href":"https:\/\/dembiski.adv.br\/wp\/index.php?rest_route=%2Fwp%2Fv2%2Fcomments&post=54"}],"version-history":[{"count":3,"href":"https:\/\/dembiski.adv.br\/wp\/index.php?rest_route=\/wp\/v2\/pages\/54\/revisions"}],"predecessor-version":[{"id":143,"href":"https:\/\/dembiski.adv.br\/wp\/index.php?rest_route=\/wp\/v2\/pages\/54\/revisions\/143"}],"wp:attachment":[{"href":"https:\/\/dembiski.adv.br\/wp\/index.php?rest_route=%2Fwp%2Fv2%2Fmedia&parent=54"}],"curies":[{"name":"wp","href":"https:\/\/api.w.org\/{rel}","templated":true}]}}

<h2>Formação:</h2>
<ul>
<li style="font-weight: 400;">Graduada em Direito pela Universidade Paranaense</li>
<li style="font-weight: 400;">Pós-Graduada em Direito do Trabalho &#8211; (PUCPR-2005)</li>
<li style="font-weight: 400;">Especialista no Direito do Consumidor Bancário</li>
</ul>
<h2><span style="font-weight: 400;">Obras:</span></h2>
<ul>
<li style="font-weight: 400;"><span style="font-weight: 400;">Considerações do Art. 62 da CLT – Trabalho Externo de Motoristas e Altos Empregados. DEMBISKI, Elza Sant´Ana de Lima. &#8211; VILLATORE, Marco Antônio &#8211; RASSON, Roland.  </span>   Estado e Atividade Econômica – O Direito Laboral em Perspectiva. <span style="font-weight: 400;">Curitiba: Juruá. 2007.</span></li>
</ul>
<h2><span style="font-weight: 400;">Atividades Filantrópicas:</span></h2>
<ul>
<li style="font-weight: 400;"><span style="font-weight: 400;">Recriar Família e Adoção</span></li>
<li style="font-weight: 400;"><span style="font-weight: 400;">Ciranda da Esperança</span></li>
<li style="font-weight: 400;"><span style="font-weight: 400;">Rotary International</span></li>
</ul>

<p>Formação: Graduada em Direito pela Universidade Paranaense Pós-Graduada em Direito do Trabalho &#8211; (PUCPR-2005) Especialista no Direito do Consumidor Bancário Obras: Considerações do Art. 62 da CLT – Trabalho Externo de Motoristas e Altos Empregados. DEMBISKI, Elza Sant´Ana de Lima. &#8211; VILLATORE, Marco Antônio &#8211; RASSON, Roland.     Estado e Atividade Econômica – O Direito Laboral em Perspectiva&#8230;.</p>
