{"id":52,"date":"2017-05-25T15:08:25","date_gmt":"2017-05-25T18:08:25","guid":{"rendered":"http:\/\/dembiski.adv.br\/wp\/?page_id=52"},"modified":"2017-06-02T01:26:35","modified_gmt":"2017-06-02T04:26:35","slug":"dr-candido-a-dembiski","status":"publish","type":"page","link":"http:\/\/dembiski.adv.br\/wp\/?page_id=52","title":{"rendered":"Dr. Candido A. Dembiski"},"content":{"rendered":"<h2>Forma\u00e7\u00e3o:<\/h2>\n<ul>\n<li>Graduado em Direito pela Unicuritiba &#8211; PR<\/li>\n<li>Especialista em Direito Previdenci\u00e1rio<span style=\"font-weight: 400;\">. \u00a0<\/span><\/li>\n<li>Especialista em Direito Processual do Trabalho<\/li>\n<\/ul>\n","protected":false},"excerpt":{"rendered":"<p>Forma\u00e7\u00e3o: Graduado em Direito pela Unicuritiba &#8211; PR Especialista em Direito Previdenci\u00e1rio. \u00a0 Especialista em Direito Processual do Trabalho<\/p>\n","protected":false},"author":1,"featured_media":0,"parent":0,"menu_order":0,"comment_status":"closed","ping_status":"closed","template":"","meta":[],"_links":{"self":[{"href":"http:\/\/dembiski.adv.br\/wp\/index.php?rest_route=\/wp\/v2\/pages\/52"}],"collection":[{"href":"http:\/\/dembiski.adv.br\/wp\/index.php?rest_route=\/wp\/v2\/pages"}],"about":[{"href":"http:\/\/dembiski.adv.br\/wp\/index.php?rest_route=\/wp\/v2\/types\/page"}],"author":[{"embeddable":true,"href":"http:\/\/dembiski.adv.br\/wp\/index.php?rest_route=\/wp\/v2\/users\/1"}],"replies":[{"embeddable":true,"href":"http:\/\/dembiski.adv.br\/wp\/index.php?rest_route=%2Fwp%2Fv2%2Fcomments&post=52"}],"version-history":[{"count":2,"href":"http:\/\/dembiski.adv.br\/wp\/index.php?rest_route=\/wp\/v2\/pages\/52\/revisions"}],"predecessor-version":[{"id":144,"href":"http:\/\/dembiski.adv.br\/wp\/index.php?rest_route=\/wp\/v2\/pages\/52\/revisions\/144"}],"wp:attachment":[{"href":"http:\/\/dembiski.adv.br\/wp\/index.php?rest_route=%2Fwp%2Fv2%2Fmedia&parent=52"}],"curies":[{"name":"wp","href":"https:\/\/api.w.org\/{rel}","templated":true}]}}

<h2>Formação:</h2>
<ul>
<li>Graduado em Direito pela Unicuritiba &#8211; PR</li>
<li>Especialista em Direito Previdenciário<span style="font-weight: 400;">.  </span></li>
<li>Especialista em Direito Processual do Trabalho</li>
</ul>

<p>Formação: Graduado em Direito pela Unicuritiba &#8211; PR Especialista em Direito Previdenciário.   Especialista em Direito Processual do Trabalho</p>
